mmon factor of 261 and 171.
9
What is the highest common divisor of 59 and 6431?
59
Calculate the greatest common divisor of 3924 and 3379.
109
Calculate the highest common factor of 44 and 22.
22
What is the highest common factor of 5580 and 135?
45
Calculate the greatest common divisor of 22 and 2266.
22
What is the greatest common divisor of 32 and 88?
8
What is the highest common factor of 1085 and 1736?
217
What is the greatest common divisor of 480 and 50?
10
What is the highest common factor of 264 and 144?
24
Calculate the greatest common divisor of 341 and 1705.
341
Calculate the greatest common factor of 31697 and 29.
29
What is the highest common factor of 7 and 791?
7
Calculate the highest common factor of 625 and 375.
125
Calculate the greatest common divisor of 120 and 75.
15
Calculate the highest common divisor of 148 and 740.
148
What is the highest common factor of 50 and 70?
10
What is the highest common factor of 836 and 44?
44
Calculate the highest common divisor of 418 and 110.
22
What is the highest common divisor of 117 and 13?
13
Calculate the greatest common divisor of 264 and 33.
33
What is the highest common factor of 45 and 10?
5
What is the greatest common divisor of 10 and 478?
2
Calculate the highest common factor of 36 and 156.
12
Calculate the greatest common divisor of 511 and 7.
7
Calculate the highest common divisor of 2228 and 24.
4
Calculate the highest common divisor of 830 and 1162.
166
What is the greatest common factor of 3905 and 165?
55
What is the highest common divisor of 363 and 1936?
121
What is the highest common factor of 202 and 1717?
101
Calculate the greatest common factor of 50986 and 212.
106
Calculate the greatest common factor of 384 and 912.
48
Calculate the highest common factor of 592 and 48.
16
What is the greatest common divisor of 2365 and 3440?
215
Calculate the greatest common factor of 696 and 3567.
87
Calculate the greatest common divisor of 265 and 3392.
53
What is the greatest common divisor of 4 and 19?
1
What is the greatest common divisor of 23464 and 16?
8
Calculate the greatest common factor of 746 and 1.
1
What is the greatest common factor of 12 and 54?
6
Calculate the highest common factor of 2800 and 35.
35
What is the greatest common factor of 429 and 6?
3
What is the greatest common factor of 140 and 30?
10
Calculate the highest common factor of 1243 and 319.
11
What is the greatest common factor of 488 and 549?
61
What is the greatest common divisor of 1080 and 840?
120
What is the highest common factor of 20 and 36660?
20
Calculate the highest common factor of 4515 and 105.
105
What is the highest common divisor of 176 and 368?
16
What is the greatest common divisor of 792 and 72?
72
What is the highest common factor of 270 and 1026?
54
What is the highest common divisor of 2575 and 50?
25
Calculate the highest common divisor of 4420 and 26.
26
What is the greatest common divisor of 74 and 2?
2
Calculate the highest common divisor of 5 and 40.
5
Calculate the greatest common divisor of 20 and 32.
4
What is the greatest common divisor of 1150 and 100?
50
Calculate the highest common divisor of 2170 and 1271.
31
What is the greatest common divisor of 2827 and 22?
11
Calculate the highest common factor of 351 and 270.
27
Calculate the highest common factor of 28 and 8708.
28
What is the greatest common factor of 7840 and 25?
5
Calculate the highest common factor of 6 and 3831.
3
Calculate the greatest common divisor of 6 and 183.
3
What is the highest common divisor of 243 and 81?
81
What is the greatest common divisor of 910 and 112?
14
Calculate the highest common divisor of 135 and 65.
5
What is the greatest common factor of 77 and 35?
7
What is the highest common factor of 19 and 2375?
19
Calculate the highest common factor of 160 and 100.
20
What is the highest common divisor of 11 and 3421?
11
Calculate the greatest common factor of 222 and 777.
111
What is the highest common divisor of 8 and 28?
4
Calculate the greatest common divisor of 365 and 5.
5
What is the highest common divisor of 100 and 25?
25
What is the highest common factor of 4 and 7698?
2
What is the greatest common factor of 1107 and 41?
41
Calculate the greatest common factor of 228 and 108.
12
What is the greatest common factor of 288 and 18?
18
What is the greatest common factor of 12 and 768?
12
Calculate the highest common divisor of 1098 and 36.
18
What is the greatest common factor of 143 and 484?
11
Calculate the greatest common factor of 12 and 114.
6
What is the highest common factor of 493 and 87?
29
Calculate the highest common divisor of 35 and 2380.
35
What is the highest common divisor of 46 and 989?
23
Calculate the highest common divisor of 6450 and 525.
75
What is the highest common divisor of 26 and 325?
13
Calculate the highest common factor of 70 and 3010.
70
Calculate the highest common divisor of 2337 and 57.
57
Calculate the greatest common divisor of 620 and 20.
20
Calculate the greatest common factor of 15 and 30.
15
What is the greatest common factor of 12 and 6376?
4
Calculate the highest common factor of 269 and 4.
1
What is the highest common factor of 6 and 6?
6
Calculate the greatest common factor of 348 and 48.
12
What is the greatest common factor of 16 and 72?
8
What is the greatest common factor of 239 and 19359?
239
What is the highest common divisor of 2050 and 50?
50
What is the highest common divisor of 18 and 6462?
18
Calculate the greatest common divisor of 87 and 1073.
29
What is the highest common divisor of 341 and 124?
31
Calculate the highest common divisor of 372 and 1209.
93
Calculate the highest common factor of 760 and 80.
40
What is the highest common divisor of 82 and 2009?
41
Calculate the greatest common divisor of 47 and 1081.
47
What is the highest common divisor of 64 and 2872?
8
What is the greatest common factor of 247 and 133?
19
Calculate the greatest common divisor of 462 and 33.
33
Calculate the greatest common divisor of 30 and 51270.
30
What is the greatest common factor of 525 and 5075?
175
What is the highest common factor of 117 and 81?
9
What is the greatest common divisor of 71 and 2272?
71
What is the highest common divisor of 744 and 2728?
248
Calculate the highest common factor of 145 and 261.
29
What is the greatest common factor of 5 and 4765?
5
Calculate the greatest common divisor of 1207 and 2312.
17
What is the highest common factor of 10 and 41770?
10
Calculate the greatest common factor of 64 and 40.
8
Calculate the greatest common factor of 29 and 87.
29
What is the greatest common factor of 236 and 295?
59
What is the highest common divisor of 5 and 65?
5
Calculate the highest common divisor of 216 and 33372.
108
Calculate the highest common divisor of 315 and 765.
45
Calculate the greatest common divisor of 493 and 748.
17
What is the highest common factor of 858 and 156?
78
Calculate the highest common factor of 260 and 220.
20
Calculate the highest common divisor of 144 and 384.
48
What is the highest common factor of 97 and 5044?
97
What is the highest common factor of 814 and 296?
74
What is the highest common factor of 272 and 2768?
16
What is the highest common factor of 15 and 25?
5
What is the greatest common divisor of 7616 and 64?
64
What is the greatest common factor of 21 and 217?
7
Calculate the highest common factor of 1490 and 10.
10
What is the greatest common factor of 88 and 64?
8
Calculate the greatest common divisor of 303 and 3.
3
Calculate the highest common factor of 338 and 104.
26
Calculate the highest common factor of 49 and 31801.
49
What is the highest common divisor of 153 and 51?
51
Calculate the highest common divisor of 4067 and 49.
49
What is the greatest common divisor of 44 and 121?
11
What is the greatest common divisor of 129 and 473?
43
What is the greatest common factor of 140 and 30?
10
What is the greatest common factor of 78 and 15?
3
Calculate the greatest common divisor of 12 and 33.
3
What is the highest common divisor of 47 and 188?
47
What is the highest common divisor of 48 and 3072?
48
Calculate the greatest common divisor of 189 and 105.
21
What is the greatest common divisor of 21 and 406?
7
What is the greatest common divisor of 417 and 6?
3
Calculate the